l) = -l**2 - 8*l + 7. Let k be o(n). Suppose 127 = k*r - 3*r + f, 2*r + 2*f = 68. Is r composite?
False
Let p(w) = 3*w + 66. Let h be p(-20). Let g(q) = -3*q + 2. Let v(j) = 3*j - 3. Let y(x) = 5*g(x) + 6*v(x). Is y(h) prime?
False
Let f(j) = -41*j. Let k(i) = i**2 + 9*i + 10. Let a be k(-9). Suppose 2*x = -5*r + 3 - 23, 5*r = -a. Is f(x) prime?
False
Suppose 0 = -0*f + 5*f - 4*c - 731, 0 = -5*f - 4*c + 699. Is f composite?
True
Suppose o = -0*o + 2. Suppose -5*z + 9 = d, -3*d + o*d + 8 = 4*z. Suppose -d*b + 30 = -3*m, 4*b - 5*m - 26 = -0*b. Is b a prime number?
False
Suppose 8*g + 609 = 15*g. Is g a prime number?
False
Let u = 9 + 62. Is u prime?
True
Let h = 2 - -2. Suppose 293 = h*o + 45. Is o a prime number?
False
Let c = 714 - 423. Is c a composite number?
True
Suppose -4*n = n. Suppose 0*b + b - 5*u = 36, n = 3*u + 15. Let q = b + -1. Is q a prime number?
False
Let y(a) = 10*a**2 - a + 12. Is y(5) prime?
True
Let w = 3700 - 2451. Is w composite?
False
Suppose -4*w = -0*z + 3*z - 2, 0 = 5*z - 5*w - 50. Let x(y) = 47*y + 11. Is x(z) a composite number?
False
Let q = 5 + 27. Suppose -5*x = -o - 2*o + q, -3*x = 2*o - 53. Is o composite?
False
Let m(d) = -44*d - 2 - d + 2 - 1. Is m(-2) a composite number?
False
Let v = 59 - 25. Is v composite?
True
Let r(a) = 127*a. Let f(s) be the second derivative of s**4/12 + s**3/2 - 3*s**2/2 + s. Let g be f(-4). Is r(g) a prime number?
True
Suppose -5*f + 3 = -7. Let b = -1 + f. Is (-3 + b)*70/(-4) a composite number?
True
Let p(m) = 4*m - 1 + 3*m - 6*m. Let f be p(7). Is (f/(-4))/(2/(-28)) prime?
False
Let p = -747 + 1076. Is p a prime number?
False
Is 6505 + 2 + (-2 - 2) a prime number?
False
Suppose 3*v - 265 - 488 = 0. Is v a composite number?
False
Suppose 4*d + 0*d = 32. Suppose -m + d = m. Suppose -m*v = -611 - 193. Is v a prime number?
False
Let b(c) be the second derivative of -c**3/6 + 19*c**2 + 3*c. Is b(0) a prime number?
False
Suppose -2*m - 1236 - 740 = 0. Is 4/(-10) - m/20 a prime number?
False
Let l = 62 - 32. Suppose 0*j - 2*q + 20 = 2*j, -2*q = 3*j - l. Is j prime?
False
Suppose -3*g - 164 = -i - i, -g - 164 = -2*i. Is i prime?
False
Let y(k) = -43*k - 7. Is y(-6) prime?
True
Let b(g) = 9*g**2 + g - 1. Is b(-3) composite?
True
Let c be (0 + 9)*2/6. Suppose 0 = 5*r + 5*f - 5, c*r - 2*f - 8 = 15. Suppose b - r*s - 68 = -2*b, 4*b - 81 = -3*s. Is b a composite number?
True
Suppose -3*y = -1 - 5. Suppose 3*n = -5*k + 3*k + 137, y*n - k = 103. Is n composite?
True
Suppose 0*f + 2*w - 14 = f, -2*f + 5*w - 25 = 0. Let d be f/(-6)*(-6)/(-4). Is (14*-1)/(d + -6) composite?
True
Let r(n) = 48*n**2 - 3*n + 8. Is r(2) composite?
True
Let d(y) = y**3 - 5*y**2 + 7*y + 6. Let r be d(6). Suppose -v + 2*v - 182 = -3*g, 0 = g + 5*v - r. Is g a prime number?
True
Let r = 41 - 18. Is r a composite number?
False
Let q be (-3)/15 - 3582/15. Let p = q - -348. Is p prime?
True
Let c(q) = 2*q**2 + 8*q + 5. Suppose -2*v = 2, -2*d = -d + v - 10. Suppose -2*s + s = 2*f + d, 2*f + 13 = -3*s. Is c(f) a composite number?
True
Suppose -5*t + 0*i = 2*i + 20, 5*t + i = -25. Is 358/4 + 3/t a composite number?
False
Let y(w) = 2*w**2 + 5. Is y(6) prime?
False
Let q(m) = 3*m**2 + 5*m - 19. Is q(6) a composite number?
True
Suppose 78 = 2*c - 34. Suppose -2*q + 2*h + 4 = 0, -2*q - 24 = 5*h - c. Suppose 3*w + 5*o = 163, -2*w + q = -o - 81. Is w composite?
True
Let n(c) = -60*c**3 + c. Is n(-1) a prime number?
True
Let a(t) = 22*t + 3. Is a(5) a prime number?
True
Let z = -2 + 0. Is (-135)/z - 3/(-2) a prime number?
False
Is (315/9)/(1/1) composite?
True
Suppose -3*j = w - 7363, 5*j - 3*w + 4942 = 17223. Is j a prime number?
False
Suppose 3*t - 4*t + 4*x = -513, -2*t = 2*x - 996. Is t prime?
False
Suppose a = -a - 5*l + 27, -5*l = -15. Is a a prime number?
False
Let p(h) = 254*h**2 - h. Is p(1) prime?
False
Let q = 6 - 6. Suppose k + 1 = q, -m - 3*k - 9 = -2*m. Is 2/(-3*m/(-27)) composite?
False
Suppose -2*s - 10 = -7*s, -o + 4*s = -67. Let a = -36 + o. Is a a composite number?
True
Let s(q) = 122*q + 5. Is s(4) a prime number?
False
Let q be 368/(-6) - 2/3. Let l = 56 - q. Is l a composite number?
True
Is 1 + (4/1 - -288) prime?
True
Let z(f) = -3 + f + 3. Let s be z(6). Suppose h + 3 = s. Is h a prime number?
True
Let w = -7 - -7. Suppose t - 3*j - 197 = 0, 3*t + w*j = -3*j + 567. Is t a composite number?
False
Suppose 0 = 3*o - o - 236. Let g = 245 - o. Is g composite?
False
Suppose 3*o = -o + 8. Is o - (-51 + (-8)/(-2)) a prime number?
False
Let t(q) = 53*q**2 + 7*q - 7. Let p be t(5). Suppose 3*y = 3*h + 555, -5*y - h - 428 + p = 0. Is y a prime number?
False
Let i(y) = 10*y**2 - 2*y + 15. Is i(-8) a composite number?
True
Let v be (6/8)/((-1)/(-16)). Let h = v - -167. Is h composite?
False
Suppose 2*q + 8 = 3*q. Let v(u) = -3*u + 2*u - q + 11. Is v(-4) composite?
False
Suppose -2*m + 967 = -0*r - r, -m + 471 = 2*r. Is m composite?
True
Let t = 0 - 0. Suppose 0*j + 3*j + 378 = t. Let b = j + 373. Is b a composite number?
True
Suppose s + 16 = 3*s. Suppose 5*t + 2 = 3*u + s, 2*u - 18 = -4*t. Suppose -u*y - 168 = -513. Is y prime?
False
Suppose -4 = 2*j - 3*b - 2, 4*j - 12 = 2*b. Suppose 2 = -j*x - 13. Let a = x - -18. Is a prime?
False
Let x(w) = -w**2 + 7*w + 6. Let j be x(7). Let a be (-22)/(-5) - j/15. Suppose -r + 95 = a*r. Is r a composite number?
False
Suppose i = 4*i - 9. Suppose 0 = -y - i*y - 8. Is 471/6 - (-3)/y a composite number?
True
Let c(z) = 83*z - 5. Is c(8) composite?
False
Let r be ((-7)/(-2))/((-5)/(-30)). Let k be ((-4)/(-6))/(7/r). Suppose 0 = 3*l, -3*u + k = -l - 103. Is u a composite number?
True
Let y = -207 - -1093. Is y a prime number?
False
Let d(s) be the first derivative of -7*s**4/12 - s**3/2 + s**2 - 2. Let h(l) be the second derivative of d(l). Is h(-2) a prime number?
False
Let i = 25 + 132. Is i a composite number?
False
Suppose 5*k + 236 + 239 = 3*m, 3*k - 614 = -4*m. Is m a composite number?
True
Suppose 0 = 3*i - 3*m, -3*m + 0 + 8 = i. Suppose 0 = -i*v + 353 + 177. Is v composite?
True
Let b(f) = f**3 - 4*f**2 - 4*f + 3. Let x be b(5). Suppose x*k - 30 = 3*k. Is k composite?
True
Suppose 0 = -2*y - y + 6. Is 212/6*3/y prime?
True
Let b = 6 + -10. Let d(n) = -76*n + 5. Is d(b) composite?
True
Suppose -7*w - 10 = -2*w. Let i = w + 5. Is i prime?
True
Suppose 2*a + k = a + 17, -4*a - 3*k + 73 = 0. Let t = 9 - a. Let r = -3 - t. Is r composite?
True
Suppose -3*x + 4*x - 1 = 0. Let v(w) = 0*w**2 + 3 - 7*w - x - w**2. Is v(-7) a composite number?
False
Let q(i) = -i**3 + 13*i**2 - 11*i + 12. Suppose b - 4*b + 46 = 5*t, -4*b = t + 1. Is q(t) composite?
True
Suppose 22055 = -15*m + 72860. Is m composite?
True
Let o(k) = -7*k**2 - 17*k - 21. Let n(w) = 3*w**2 + 8*w + 10. Let u(x) = 5*n(x) + 2*o(x). Is u(-9) composite?
True
Let k(q) = q**3 + 7*q**2 - 9*q - 2. Is k(-8) composite?
True
Let q = 410 - -291. Is q a prime number?
True
Suppose 2*r + 6 = 4. Let j = r - -1. Suppose 2*m + m + 4*h - 37 = j, -5*h = 25. Is m prime?
True
Let d(j) = -j**2 - 1. Let b be d(2). Let x = -3 - b. Is 1/((-81)/(-39) - x) composite?
False
Let s = -456 - -934. Is s composite?
True
Suppose 3*l - 2*l = -5*r + 3493, 5*r + 4*l - 3487 = 0. Is r prime?
False
Let i(q) = 7*q**2 + 6*q - 2. Let f be i(9). Suppose 44 + f = 3*c. Is c a prime number?
False
Let v(l) = l - 6. Let r be v(6). Suppose r*s + 30 = 5*s. Is (-2 + 4)*165/s a composite number?
True
Let g(s) = 127*s + 1. Let j be g(-3). Let x be j/(-9) - 6/27. Is x - 3/(-6)*2 a composite number?
False
Let c be 1/6 - 6259/(-66). Let w = -52 + c. Is w a prime number?
True
Suppose 64 + 60 = 4*f. Is f composite?
False
Let i = -40 - -61. Let c(w) = 2*w + 3. Let g be c(4). Suppose 2*f - 3*l - i = 0, 3*f + 3*l - 13 - g = 0. Is f a composite number?
True
Let m(q) = -11*q**3 + 2*q**2 - 2*q - 5. Is m(-4) prime?
True
Suppose 4*n - 4292 = -1168. Is n a prime number?
False
Is (-1)/(-4) - (-1035)/4 prime?
False
Let s be ((-1)/(-2))/(1/2). Let l = 1 + s. Is (-96)/(-3) - (-2)/l a prime number?
False
Suppose 66 - 521 = -2*p + 3*i, -4*i + 880 = 4*p. Is p prime?
True
Let z be (-4)/(-6)*3 + -2. Suppose -t + z*t = 1. Is (t - -98) + (-3 - -3) composite?
False
Let i = -1520 + 2779. Is i composite?
False
Suppose o = -4*b + 2*b + 115, -b + o = -53. Let u = -19 + b. Is u composite?
False
Suppose -n 